3?
2
What is the thousands digit of 142829220?
9
What is the ten millions digit of 47614030?
4
What is the hundred thousands digit of 696606914?
6
What is the hundred thousands digit of 59000024?
0
What is the tens digit of 5827468?
6
What is the ten millions digit of 14520142?
1
What is the hundreds digit of 120308903?
9
What is the ten thousands digit of 92781233?
8
What is the units digit of 4677876?
6
What is the hundred thousands digit of 485004151?
0
What is the thousands digit of 556543374?
3
What is the hundreds digit of 504471945?
9
What is the billions digit of 1538929215?
1
What is the units digit of 30618203?
3
What is the ten millions digit of 145186690?
4
What is the ten millions digit of 1965310022?
6
What is the tens digit of 1872011311?
1
What is the ten thousands digit of 1523197148?
9
What is the hundred thousands digit of 530926953?
9
What is the thousands digit of 56579615?
9
What is the hundreds digit of 1741587585?
5
What is the ten millions digit of 42365523?
4
What is the hundred thousands digit of 3056684911?
6
What is the ten millions digit of 72916588?
7
What is the units digit of 327562397?
7
What is the millions digit of 2263721459?
3
What is the ten millions digit of 6953570717?
5
What is the hundred thousands digit of 8512958?
5
What is the ten thousands digit of 1523690625?
9
What is the tens digit of 19893152?
5
What is the hundreds digit of 103041733?
7
What is the tens digit of 257809985?
8
What is the millions digit of 51883280?
1
What is the millions digit of 1558218?
1
What is the hundreds digit of 526323002?
0
What is the millions digit of 8657149?
8
What is the tens digit of 1068466071?
7
What is the ten thousands digit of 2822624064?
2
What is the ten thousands digit of 49080189?
8
What is the ten thousands digit of 62892589?
9
What is the hundred millions digit of 738642050?
7
What is the millions digit of 4744515979?
4
What is the thousands digit of 29152211?
2
What is the thousands digit of 45822701?
2
What is the hundred thousands digit of 88638692?
6
What is the millions digit of 239403908?
9
What is the hundred thousands digit of 3118165?
1
What is the millions digit of 1619700706?
9
What is the hundred thousands digit of 63063266?
0
What is the hundred thousands digit of 1775279155?
2
What is the hundreds digit of 227645842?
8
What is the ten thousands digit of 136716689?
1
What is the hundred thousands digit of 183514620?
5
What is the tens digit of 320858647?
4
What is the hundred thousands digit of 1502766785?
7
What is the tens digit of 3014818856?
5
What is the hundreds digit of 77897324?
3
What is the ten thousands digit of 95750664?
5
What is the thousands digit of 502680524?
0
What is the ten thousands digit of 64359086?
5
What is the tens digit of 44438276?
7
What is the millions digit of 2426022?
2
What is the ten millions digit of 2473254977?
7
What is the tens digit of 72954175?
7
What is the hundred millions digit of 200407723?
2
What is the tens digit of 2159095651?
5
What is the tens digit of 45018954?
5
What is the thousands digit of 16852396?
2
What is the thousands digit of 19100991?
0
What is the billions digit of 1038313360?
1
What is the ten millions digit of 3546329660?
4
What is the hundreds digit of 7903767?
7
What is the millions digit of 1644897396?
4
What is the hundred thousands digit of 31608553?
6
What is the ten thousands digit of 178320318?
2
What is the ten millions digit of 1546866402?
4
What is the ten millions digit of 680734758?
8
What is the units digit of 1061742682?
2
What is the tens digit of 717679555?
5
What is the hundreds digit of 126536919?
9
What is the tens digit of 68563137?
3
What is the tens digit of 25080681?
8
What is the tens digit of 639171683?
8
What is the hundreds digit of 8405718104?
1
What is the hundred thousands digit of 84889510?
8
What is the hundred thousands digit of 135918163?
9
What is the hundreds digit of 2958455954?
9
What is the hundred thousands digit of 1210979078?
9
What is the hundreds digit of 145422768?
7
What is the thousands digit of 5147257?
7
What is the tens digit of 577471829?
2
What is the millions digit of 3065106823?
5
What is the hundred thousands digit of 16815215?
8
What is the tens digit of 146070098?
9
What is the ten millions digit of 330733277?
3
What is the ten thousands digit of 254623189?
2
What is the millions digit of 2076590?
2
What is the hundred millions digit of 349644028?
3
What is the hundred thousands digit of 422579160?
5
What is the millions digit of 1310647630?
0
What is the hundred thousands digit of 2976748120?
7
What is the hundred thousands digit of 1289895977?
8
What is the ten millions digit of 63172870?
6
What is the hundreds digit of 2293219228?
2
What is the ten thousands digit of 35685186?
8
What is the units digit of 343692327?
7
What is the thousands digit of 119810?
9
What is the hundred thousands digit of 1257548967?
5
What is the hundreds digit of 2031240653?
6
What is the tens digit of 90589205?
0
What is the ten millions digit of 2799634575?
9
What is the thousands digit of 2824673353?
3
What is the millions digit of 61777663?
1
What is the hundred millions digit of 281162834?
2
What is the ten thousands digit of 337540303?
4
What is the units digit of 70682136?
6
What is the thousands digit of 1214348831?
8
What is the ten millions digit of 65938139?
6
What is the tens digit of 197266951?
5
What is the hundreds digit of 155421632?
6
What is the units digit of 314109497?
7
What is the units digit of 337374600?
0
What is the hundred thousands digit of 97327207?
3
What is the hundred thousands digit of 24492541?
4
What is the units digit of 2727410?
0
What is the hundred millions digit of 810900994?
8
What is the units digit of 173913327?
7
What is the units digit of 424675562?
2
What is the millions digit of 3681551892?
1
What is the tens digit of 822775722?
2
What is the hundred thousands digit of 139857463?
8
What is the hundred thousands digit of 60931197?
9
What is the ten millions digit of 3095566425?
9
What is the thousands digit of 2021028003?
8
What is the thousands digit of 1293666067?
6
What is the hundred millions digit of 197460284?
1
What is the hundreds digit of 12339576?
5
What is the tens digit of 2179507735?
3
What is the thousands digit of 124306867?
6
What is the units digit of 920081501?
1
What is the tens digit of 48540179?
7
What is the ten thousands digit of 80161973?
6
What is the units digit of 4210547893?
3
What is the millions digit of 208264777?
8
What is the ten millions digit of 907141028?
0
What is the billions digit of 2177705071?
2
What is the ten millions digit of 70003213?
7
What is the hundred thousands digit of 17072212?
0
What is the millions digit of 284654392?
4
What is the ten millions digit of 641043031?
4
What is the units digit of 3271920?
0
What is the thousands digit of 76306034?
6
What is the hundred thousands digit of 2354798639?
7
What is the thousands digit of 99589319?
9
What is the hundred millions digit of 390949434?
3
What is the thousands digit of 36440203?
0
What is the hundred thousands digit of 4334533162?
5
What is the ten thousands digit of 42173745?
7
What is the ten thousands digit of 38471032?
7
What is the units digit of 6047179250?
0
What is the hundred millions digit of 199228487?
1
What is the ten millions digit of 107898210?
0
What is the units digit of 672939681?
1
What is the ten thousands digit of 287354501?
5
What is the tens digit of 420435786?
8
What is the hundred millions digit of 280813386?
2
What is the tens digit of 5985575?
7
What is the thousands digit of 52905080?
5
What is the ten millions digit of 29688023?
2
What is the ten millions digit of 49248329?
4
What is the millions digit of 66885913?
6
What is the hundreds digit of 2127040496?
4
What is the ten thousands digit of 2483575002?
7
What is the tens digit of 110569021?
2
What is the units digit of 325840764?
4
What is the thousands digit of 1911338979?
8
What is the units digit of 73769909?
9
What is the hundred thousands digit of 147470011?
4
What is the units digit of 45734809?
9
What is the ten thousands digit of 548110870?
1
What is the ten millions digit of 12688205?
1
What is the ten millions digit of 108197182?
0
What is the